{"id":259,"date":"2021-01-11T22:25:30","date_gmt":"2021-01-12T03:25:30","guid":{"rendered":"https:\/\/blogue.rolandogomes.com\/?page_id=259"},"modified":"2021-07-27T13:19:40","modified_gmt":"2021-07-27T18:19:40","slug":"textes-divers","status":"publish","type":"page","link":"https:\/\/blogue.rolandogomes.com\/index.php\/textes-divers\/","title":{"rendered":"Textes divers"},"content":{"rendered":"<ul class=\"wp-block-latest-posts__list aligncenter wp-block-latest-posts\"><li><a class=\"wp-block-latest-posts__post-title\" href=\"https:\/\/blogue.rolandogomes.com\/index.php\/2024\/08\/01\/la-conjuration-des-coureurs-acte-3\/\">La conjuration des coureurs (acte 3)<\/a><\/li>\n<li><a class=\"wp-block-latest-posts__post-title\" href=\"https:\/\/blogue.rolandogomes.com\/index.php\/2024\/06\/03\/la-duperie\/\">La duperie<\/a><\/li>\n<li><a class=\"wp-block-latest-posts__post-title\" href=\"https:\/\/blogue.rolandogomes.com\/index.php\/2024\/01\/29\/la-course-aux-etiquettes\/\">La course aux \u00e9tiquettes<\/a><\/li>\n<li><a class=\"wp-block-latest-posts__post-title\" href=\"https:\/\/blogue.rolandogomes.com\/index.php\/2023\/12\/14\/la-conjuration-des-coureurs-acte-2\/\">La conjuration des coureurs (acte 2)<\/a><\/li>\n<li><a class=\"wp-block-latest-posts__post-title\" href=\"https:\/\/blogue.rolandogomes.com\/index.php\/2023\/10\/16\/la-conjuration-des-coureurs\/\">La conjuration des coureurs (acte 1)<\/a><\/li>\n<li><a class=\"wp-block-latest-posts__post-title\" href=\"https:\/\/blogue.rolandogomes.com\/index.php\/2023\/06\/24\/deux-derniers-mots\/\">Deux derniers mots<\/a><\/li>\n<li><a class=\"wp-block-latest-posts__post-title\" href=\"https:\/\/blogue.rolandogomes.com\/index.php\/2023\/06\/01\/le-depassement-de-soi-par-la-course-a-pied\/\">Le d\u00e9passement de soi par la course \u00e0 pied<\/a><\/li>\n<li><a class=\"wp-block-latest-posts__post-title\" href=\"https:\/\/blogue.rolandogomes.com\/index.php\/2023\/04\/11\/veuillez-confirmer-la-procedure-de-liquidation\/\">Veuillez confirmer la proc\u00e9dure de liquidation<\/a><\/li>\n<li><a class=\"wp-block-latest-posts__post-title\" href=\"https:\/\/blogue.rolandogomes.com\/index.php\/2023\/02\/01\/vivre-lequivalent-de-plusieurs-vies\/\">Vivre l\u2019\u00e9quivalent de plusieurs vies<\/a><\/li>\n<li><a class=\"wp-block-latest-posts__post-title\" href=\"https:\/\/blogue.rolandogomes.com\/index.php\/2022\/12\/29\/une-histoire-de-rires-et-de-sourires-paralleles-mais-non-simultanes\/\">Une histoire de rires et de sourires parall\u00e8les mais non simultan\u00e9s<\/a><\/li>\n<li><a class=\"wp-block-latest-posts__post-title\" href=\"https:\/\/blogue.rolandogomes.com\/index.php\/2022\/09\/02\/confessions-et-reflexions-dadieu-a-la-course-a-pied\/\">Confessions et r\u00e9flexions d\u2019adieu \u00e0 la course \u00e0 pied<\/a><\/li>\n<li><a class=\"wp-block-latest-posts__post-title\" href=\"https:\/\/blogue.rolandogomes.com\/index.php\/2022\/06\/28\/bribes-dune-theorie-relative-a-la-troisieme-entite-partie-1\/\">Bribes d\u2019une th\u00e9orie relative \u00e0 la troisi\u00e8me entit\u00e9 (partie 1)<\/a><\/li>\n<li><a class=\"wp-block-latest-posts__post-title\" href=\"https:\/\/blogue.rolandogomes.com\/index.php\/2022\/05\/21\/mes-amis-soleil-et-chaleur-et-moi\/\">Mes amis Soleil et Chaleur et moi<\/a><\/li>\n<li><a class=\"wp-block-latest-posts__post-title\" href=\"https:\/\/blogue.rolandogomes.com\/index.php\/2022\/04\/14\/materialisme-publireportages-et-apparences-de-conflit-dinterets\/\">Mat\u00e9rialisme, publireportages et apparences de conflit d\u2019int\u00e9r\u00eats<\/a><\/li>\n<li><a class=\"wp-block-latest-posts__post-title\" href=\"https:\/\/blogue.rolandogomes.com\/index.php\/2022\/02\/03\/un-record-personnel-different\/\">Un record personnel\u2026 diff\u00e9rent<\/a><\/li>\n<li><a class=\"wp-block-latest-posts__post-title\" href=\"https:\/\/blogue.rolandogomes.com\/index.php\/2022\/01\/08\/pour-courir-6000-kilometres-deux-annees-daffilee-il-suffit-dun-verbe-et-dun-adverbe\/\">Pour courir 6000 kilom\u00e8tres deux ann\u00e9es d\u2019affil\u00e9e, il suffit d\u2019un verbe et d\u2019un adverbe<\/a><\/li>\n<li><a class=\"wp-block-latest-posts__post-title\" href=\"https:\/\/blogue.rolandogomes.com\/index.php\/2021\/12\/11\/de-linutilite-de-lentrainement-en-cotes\/\">De l\u2019inutilit\u00e9 de l\u2019entra\u00eenement en c\u00f4tes<\/a><\/li>\n<li><a class=\"wp-block-latest-posts__post-title\" href=\"https:\/\/blogue.rolandogomes.com\/index.php\/2021\/09\/12\/faire-de-la-course-a-pied-une-habitude-bien-ancree-avec-james-clear\/\">Faire de la course \u00e0 pied une habitude bien ancr\u00e9e avec James Clear<\/a><\/li>\n<li><a class=\"wp-block-latest-posts__post-title\" href=\"https:\/\/blogue.rolandogomes.com\/index.php\/2021\/08\/16\/un-intrus-parmi-les-elites\/\">Un intrus parmi les \u00e9lites<\/a><\/li>\n<li><a class=\"wp-block-latest-posts__post-title\" href=\"https:\/\/blogue.rolandogomes.com\/index.php\/2021\/07\/25\/big-wolfs-backyard-ultra-micromissions-apres-negociations-et-bris-de-table\/\">Big Wolf\u2019s Backyard Ultra : micromissions, \u00e2pres n\u00e9gociations et bris de table!<\/a><\/li>\n<li><a class=\"wp-block-latest-posts__post-title\" href=\"https:\/\/blogue.rolandogomes.com\/index.php\/2021\/05\/14\/un-esprit-libre-dans-un-corps-abime\/\">Un esprit libre dans un corps ab\u00eem\u00e9<\/a><\/li>\n<li><a class=\"wp-block-latest-posts__post-title\" href=\"https:\/\/blogue.rolandogomes.com\/index.php\/2021\/04\/11\/courir-dans-la-douleur-pour-eventuellement-guerir-partie-2\/\">Courir dans la douleur pour (\u00e9ventuellement) gu\u00e9rir \u2013 Partie 2<\/a><\/li>\n<li><a class=\"wp-block-latest-posts__post-title\" href=\"https:\/\/blogue.rolandogomes.com\/index.php\/2021\/02\/12\/courir-dans-la-douleur-pour-eventuellement-guerir-partie-1\/\">Courir dans la douleur pour (\u00e9ventuellement) gu\u00e9rir \u2013 Partie 1<\/a><\/li>\n<li><a class=\"wp-block-latest-posts__post-title\" href=\"https:\/\/blogue.rolandogomes.com\/index.php\/2021\/01\/05\/dissocier-plaisir-et-course-a-pied-pour-atteindre-un-objectif\/\">Dissocier plaisir et course \u00e0 pied pour atteindre un objectif<\/a><\/li>\n<li><a class=\"wp-block-latest-posts__post-title\" href=\"https:\/\/blogue.rolandogomes.com\/index.php\/2020\/11\/09\/de-lhydratation\/\">De l\u2019hydratation<\/a><\/li>\n<\/ul>\n\n<ul class=\"wp-block-archives-list wp-block-archives\">\t<li><a href='https:\/\/blogue.rolandogomes.com\/index.php\/2024\/08\/'>ao\u00fbt 2024<\/a>&nbsp;(1)<\/li>\n\t<li><a href='https:\/\/blogue.rolandogomes.com\/index.php\/2024\/06\/'>juin 2024<\/a>&nbsp;(1)<\/li>\n\t<li><a href='https:\/\/blogue.rolandogomes.com\/index.php\/2024\/01\/'>janvier 2024<\/a>&nbsp;(1)<\/li>\n\t<li><a href='https:\/\/blogue.rolandogomes.com\/index.php\/2023\/12\/'>D\u00e9cembre 2023<\/a>&nbsp;(1)<\/li>\n\t<li><a href='https:\/\/blogue.rolandogomes.com\/index.php\/2023\/10\/'>octobre 2023<\/a>&nbsp;(1)<\/li>\n\t<li><a href='https:\/\/blogue.rolandogomes.com\/index.php\/2023\/06\/'>juin 2023<\/a>&nbsp;(2)<\/li>\n\t<li><a href='https:\/\/blogue.rolandogomes.com\/index.php\/2023\/04\/'>avril 2023<\/a>&nbsp;(1)<\/li>\n\t<li><a href='https:\/\/blogue.rolandogomes.com\/index.php\/2023\/02\/'>f\u00e9vrier 2023<\/a>&nbsp;(1)<\/li>\n\t<li><a href='https:\/\/blogue.rolandogomes.com\/index.php\/2022\/12\/'>D\u00e9cembre 2022<\/a>&nbsp;(1)<\/li>\n\t<li><a href='https:\/\/blogue.rolandogomes.com\/index.php\/2022\/09\/'>septembre 2022<\/a>&nbsp;(1)<\/li>\n\t<li><a href='https:\/\/blogue.rolandogomes.com\/index.php\/2022\/06\/'>juin 2022<\/a>&nbsp;(1)<\/li>\n\t<li><a href='https:\/\/blogue.rolandogomes.com\/index.php\/2022\/05\/'>mai 2022<\/a>&nbsp;(1)<\/li>\n\t<li><a href='https:\/\/blogue.rolandogomes.com\/index.php\/2022\/04\/'>avril 2022<\/a>&nbsp;(1)<\/li>\n\t<li><a href='https:\/\/blogue.rolandogomes.com\/index.php\/2022\/02\/'>f\u00e9vrier 2022<\/a>&nbsp;(1)<\/li>\n\t<li><a href='https:\/\/blogue.rolandogomes.com\/index.php\/2022\/01\/'>janvier 2022<\/a>&nbsp;(1)<\/li>\n\t<li><a href='https:\/\/blogue.rolandogomes.com\/index.php\/2021\/12\/'>D\u00e9cembre 2021<\/a>&nbsp;(1)<\/li>\n\t<li><a href='https:\/\/blogue.rolandogomes.com\/index.php\/2021\/09\/'>septembre 2021<\/a>&nbsp;(1)<\/li>\n\t<li><a href='https:\/\/blogue.rolandogomes.com\/index.php\/2021\/08\/'>ao\u00fbt 2021<\/a>&nbsp;(1)<\/li>\n\t<li><a href='https:\/\/blogue.rolandogomes.com\/index.php\/2021\/07\/'>juillet 2021<\/a>&nbsp;(1)<\/li>\n\t<li><a href='https:\/\/blogue.rolandogomes.com\/index.php\/2021\/05\/'>mai 2021<\/a>&nbsp;(1)<\/li>\n\t<li><a href='https:\/\/blogue.rolandogomes.com\/index.php\/2021\/04\/'>avril 2021<\/a>&nbsp;(1)<\/li>\n\t<li><a href='https:\/\/blogue.rolandogomes.com\/index.php\/2021\/02\/'>f\u00e9vrier 2021<\/a>&nbsp;(1)<\/li>\n\t<li><a href='https:\/\/blogue.rolandogomes.com\/index.php\/2021\/01\/'>janvier 2021<\/a>&nbsp;(1)<\/li>\n\t<li><a href='https:\/\/blogue.rolandogomes.com\/index.php\/2020\/11\/'>novembre 2020<\/a>&nbsp;(1)<\/li>\n<\/ul>","protected":false},"excerpt":{"rendered":"","protected":false},"author":1,"featured_media":0,"parent":0,"menu_order":0,"comment_status":"closed","ping_status":"closed","template":"","meta":{"footnotes":""},"class_list":["post-259","page","type-page","status-publish","hentry"],"yoast_head":"<!-- This site is optimized with the Yoast SEO plugin v27.4 - https:\/\/yoast.com\/product\/yoast-seo-wordpress\/ -->\n<title>Textes divers - Dans la grotte des souffrances<\/title>\n<meta name=\"robots\" content=\"index, follow, max-snippet:-1, max-image-preview:large, max-video-preview:-1\" \/>\n<link rel=\"canonical\" href=\"https:\/\/blogue.rolandogomes.com\/index.php\/textes-divers\/\" \/>\n<meta property=\"og:locale\" content=\"fr_CA\" \/>\n<meta property=\"og:type\" content=\"article\" \/>\n<meta property=\"og:title\" content=\"Textes divers - Dans la grotte des souffrances\" \/>\n<meta property=\"og:url\" content=\"https:\/\/blogue.rolandogomes.com\/index.php\/textes-divers\/\" \/>\n<meta property=\"og:site_name\" content=\"Dans la grotte des souffrances\" \/>\n<meta property=\"article:modified_time\" content=\"2021-07-27T18:19:40+00:00\" \/>\n<meta property=\"og:image\" content=\"https:\/\/blogue.rolandogomes.com\/wp-content\/uploads\/2020\/12\/Couverture-2.jpg\" \/>\n\t<meta property=\"og:image:width\" content=\"789\" \/>\n\t<meta property=\"og:image:height\" content=\"1200\" \/>\n\t<meta property=\"og:image:type\" content=\"image\/jpeg\" \/>\n<meta name=\"twitter:card\" content=\"summary_large_image\" \/>\n<script type=\"application\/ld+json\" class=\"yoast-schema-graph\">{\"@context\":\"https:\\\/\\\/schema.org\",\"@graph\":[{\"@type\":\"WebPage\",\"@id\":\"https:\\\/\\\/blogue.rolandogomes.com\\\/index.php\\\/textes-divers\\\/\",\"url\":\"https:\\\/\\\/blogue.rolandogomes.com\\\/index.php\\\/textes-divers\\\/\",\"name\":\"Textes divers - Dans la grotte des souffrances\",\"isPartOf\":{\"@id\":\"https:\\\/\\\/blogue.rolandogomes.com\\\/#website\"},\"datePublished\":\"2021-01-12T03:25:30+00:00\",\"dateModified\":\"2021-07-27T18:19:40+00:00\",\"breadcrumb\":{\"@id\":\"https:\\\/\\\/blogue.rolandogomes.com\\\/index.php\\\/textes-divers\\\/#breadcrumb\"},\"inLanguage\":\"fr-CA\",\"potentialAction\":[{\"@type\":\"ReadAction\",\"target\":[\"https:\\\/\\\/blogue.rolandogomes.com\\\/index.php\\\/textes-divers\\\/\"]}]},{\"@type\":\"BreadcrumbList\",\"@id\":\"https:\\\/\\\/blogue.rolandogomes.com\\\/index.php\\\/textes-divers\\\/#breadcrumb\",\"itemListElement\":[{\"@type\":\"ListItem\",\"position\":1,\"name\":\"Accueil\",\"item\":\"https:\\\/\\\/blogue.rolandogomes.com\\\/\"},{\"@type\":\"ListItem\",\"position\":2,\"name\":\"Textes divers\"}]},{\"@type\":\"WebSite\",\"@id\":\"https:\\\/\\\/blogue.rolandogomes.com\\\/#website\",\"url\":\"https:\\\/\\\/blogue.rolandogomes.com\\\/\",\"name\":\"Faits d\u2019armes et textes divers\",\"description\":\"\",\"publisher\":{\"@id\":\"https:\\\/\\\/blogue.rolandogomes.com\\\/#\\\/schema\\\/person\\\/0c9e702e9801d80ffbc66f530322379e\"},\"potentialAction\":[{\"@type\":\"SearchAction\",\"target\":{\"@type\":\"EntryPoint\",\"urlTemplate\":\"https:\\\/\\\/blogue.rolandogomes.com\\\/?s={search_term_string}\"},\"query-input\":{\"@type\":\"PropertyValueSpecification\",\"valueRequired\":true,\"valueName\":\"search_term_string\"}}],\"inLanguage\":\"fr-CA\"},{\"@type\":[\"Person\",\"Organization\"],\"@id\":\"https:\\\/\\\/blogue.rolandogomes.com\\\/#\\\/schema\\\/person\\\/0c9e702e9801d80ffbc66f530322379e\",\"name\":\"Rolando Gomes\",\"image\":{\"@type\":\"ImageObject\",\"inLanguage\":\"fr-CA\",\"@id\":\"https:\\\/\\\/secure.gravatar.com\\\/avatar\\\/02806170276a1e21432b8be8b6251f762e460a1c80da7224828c026d7253d41c?s=96&d=mm&r=g\",\"url\":\"https:\\\/\\\/secure.gravatar.com\\\/avatar\\\/02806170276a1e21432b8be8b6251f762e460a1c80da7224828c026d7253d41c?s=96&d=mm&r=g\",\"contentUrl\":\"https:\\\/\\\/secure.gravatar.com\\\/avatar\\\/02806170276a1e21432b8be8b6251f762e460a1c80da7224828c026d7253d41c?s=96&d=mm&r=g\",\"caption\":\"Rolando Gomes\"},\"logo\":{\"@id\":\"https:\\\/\\\/secure.gravatar.com\\\/avatar\\\/02806170276a1e21432b8be8b6251f762e460a1c80da7224828c026d7253d41c?s=96&d=mm&r=g\"},\"sameAs\":[\"https:\\\/\\\/blogue.rolandogomes.com\"]}]}<\/script>\n<!-- \/ Yoast SEO plugin. -->","yoast_head_json":{"title":"Textes divers - Dans la grotte des souffrances","robots":{"index":"index","follow":"follow","max-snippet":"max-snippet:-1","max-image-preview":"max-image-preview:large","max-video-preview":"max-video-preview:-1"},"canonical":"https:\/\/blogue.rolandogomes.com\/index.php\/textes-divers\/","og_locale":"fr_CA","og_type":"article","og_title":"Textes divers - Dans la grotte des souffrances","og_url":"https:\/\/blogue.rolandogomes.com\/index.php\/textes-divers\/","og_site_name":"Dans la grotte des souffrances","article_modified_time":"2021-07-27T18:19:40+00:00","og_image":[{"width":789,"height":1200,"url":"https:\/\/blogue.rolandogomes.com\/wp-content\/uploads\/2020\/12\/Couverture-2.jpg","type":"image\/jpeg"}],"twitter_card":"summary_large_image","schema":{"@context":"https:\/\/schema.org","@graph":[{"@type":"WebPage","@id":"https:\/\/blogue.rolandogomes.com\/index.php\/textes-divers\/","url":"https:\/\/blogue.rolandogomes.com\/index.php\/textes-divers\/","name":"Textes divers - Dans la grotte des souffrances","isPartOf":{"@id":"https:\/\/blogue.rolandogomes.com\/#website"},"datePublished":"2021-01-12T03:25:30+00:00","dateModified":"2021-07-27T18:19:40+00:00","breadcrumb":{"@id":"https:\/\/blogue.rolandogomes.com\/index.php\/textes-divers\/#breadcrumb"},"inLanguage":"fr-CA","potentialAction":[{"@type":"ReadAction","target":["https:\/\/blogue.rolandogomes.com\/index.php\/textes-divers\/"]}]},{"@type":"BreadcrumbList","@id":"https:\/\/blogue.rolandogomes.com\/index.php\/textes-divers\/#breadcrumb","itemListElement":[{"@type":"ListItem","position":1,"name":"Accueil","item":"https:\/\/blogue.rolandogomes.com\/"},{"@type":"ListItem","position":2,"name":"Textes divers"}]},{"@type":"WebSite","@id":"https:\/\/blogue.rolandogomes.com\/#website","url":"https:\/\/blogue.rolandogomes.com\/","name":"Faits d\u2019armes et textes divers","description":"","publisher":{"@id":"https:\/\/blogue.rolandogomes.com\/#\/schema\/person\/0c9e702e9801d80ffbc66f530322379e"},"potentialAction":[{"@type":"SearchAction","target":{"@type":"EntryPoint","urlTemplate":"https:\/\/blogue.rolandogomes.com\/?s={search_term_string}"},"query-input":{"@type":"PropertyValueSpecification","valueRequired":true,"valueName":"search_term_string"}}],"inLanguage":"fr-CA"},{"@type":["Person","Organization"],"@id":"https:\/\/blogue.rolandogomes.com\/#\/schema\/person\/0c9e702e9801d80ffbc66f530322379e","name":"Rolando Gomes","image":{"@type":"ImageObject","inLanguage":"fr-CA","@id":"https:\/\/secure.gravatar.com\/avatar\/02806170276a1e21432b8be8b6251f762e460a1c80da7224828c026d7253d41c?s=96&d=mm&r=g","url":"https:\/\/secure.gravatar.com\/avatar\/02806170276a1e21432b8be8b6251f762e460a1c80da7224828c026d7253d41c?s=96&d=mm&r=g","contentUrl":"https:\/\/secure.gravatar.com\/avatar\/02806170276a1e21432b8be8b6251f762e460a1c80da7224828c026d7253d41c?s=96&d=mm&r=g","caption":"Rolando Gomes"},"logo":{"@id":"https:\/\/secure.gravatar.com\/avatar\/02806170276a1e21432b8be8b6251f762e460a1c80da7224828c026d7253d41c?s=96&d=mm&r=g"},"sameAs":["https:\/\/blogue.rolandogomes.com"]}]}},"_links":{"self":[{"href":"https:\/\/blogue.rolandogomes.com\/index.php\/wp-json\/wp\/v2\/pages\/259","targetHints":{"allow":["GET"]}}],"collection":[{"href":"https:\/\/blogue.rolandogomes.com\/index.php\/wp-json\/wp\/v2\/pages"}],"about":[{"href":"https:\/\/blogue.rolandogomes.com\/index.php\/wp-json\/wp\/v2\/types\/page"}],"author":[{"embeddable":true,"href":"https:\/\/blogue.rolandogomes.com\/index.php\/wp-json\/wp\/v2\/users\/1"}],"replies":[{"embeddable":true,"href":"https:\/\/blogue.rolandogomes.com\/index.php\/wp-json\/wp\/v2\/comments?post=259"}],"version-history":[{"count":5,"href":"https:\/\/blogue.rolandogomes.com\/index.php\/wp-json\/wp\/v2\/pages\/259\/revisions"}],"predecessor-version":[{"id":394,"href":"https:\/\/blogue.rolandogomes.com\/index.php\/wp-json\/wp\/v2\/pages\/259\/revisions\/394"}],"wp:attachment":[{"href":"https:\/\/blogue.rolandogomes.com\/index.php\/wp-json\/wp\/v2\/media?parent=259"}],"curies":[{"name":"wp","href":"https:\/\/api.w.org\/{rel}","templated":true}]}}